21330110
What is 431141043 (base 5) in base 11?
1032106
Convert -1197117 (base 10) to base 4.
-10210100331
Convert 5d309 (base 15) to base 16.
48ad4
Convert -14041201312 (base 5) to base 15.
-188c707
Convert 103123201 (base 4) to base 13.
2a2bc
What is -101112211001220 (base 3) in base 12?
-1a642b9
Convert -1421440301 (base 5) to base 7.
-43320453
What is 49231 (base 11) in base 4?
101102203
What is -655a3 (base 11) in base 7?
-544415
Convert 131201011101 (base 4) to base 2.
11101100001000101010001
Convert -321412 (base 10) to base 4.
-1032132010
1040502 (base 7) to base 3
20110220020
What is 66307 (base 8) in base 15?
83b7
35329 (base 15) to base 14
45a88
Convert -1b4221 (base 14) to base 11.
-604142
Convert 11201010012212 (base 3) to base 8.
11426706
41d885 (base 16) to base 10
4315269
What is 1268549 (base 14) in base 3?
121200001211011
Convert -463714 (base 11) to base 6.
-23443333
Convert 2220122122101 (base 3) to base 5.
344020021
Convert -21333133 (base 4) to base 6.
-513251
Convert 1154561 (base 7) to base 12.
71875
-880b7 (base 14) to base 7
-2541320
-1731a5 (base 15) to base 2
-100010010011110011111
What is 33314020 (base 5) in base 13?
a2a51
Convert 105325021 (base 6) to base 14.
386d6d
Convert -23110022211 (base 4) to base 8.
-13241245
Convert 10567575 (base 8) to base 2.
1000101110111101111101
-375645 (base 11) to base 10
-593070
What is -23131443 (base 5) in base 4?
-302313311
399d89 (base 15) to base 16
2a394b
What is -1005833 (base 9) in base 11?
-336589
What is -12310211212 (base 4) in base 3?
-10100212000221
2100220220210 (base 3) to base 12
508156
Convert -56513 (base 11) to base 4.
-103332102
Convert -11000110100111110 (base 2) to base 6.
-2102450
What is 19dfb (base 16) in base 3?
12101101011
What is 331435550 (base 6) in base 15?
7cb5e9
What is -42421 (base 6) in base 3?
-21220211
-1a4ce2 (base 15) to base 8
-4707765
What is 111011101000010010010110 (base 2) in base 4?
323220102112
What is 78533 (base 10) in base 14?
20897
What is 484965 (base 13) in base 15?
240c6c
Convert 2033838 (base 9) to base 3.
2001010221022
Convert -24533323 (base 6) to base 14.
-167cb1
Convert -1338802 (base 9) to base 10.
-734753
What is -143696 (base 12) in base 2?
-1010010100000010010
What is -1434443142 (base 5) in base 4?
-32212203102
What is 7b99 (base 14) in base 8?
51773
What is -202352 (base 7) in base 13?
-12908
Convert 10061c1 (base 13) to base 4.
102131231331
What is 110001101000010111101 (base 2) in base 16?
18d0bd
What is 4437 (base 12) in base 3?
101022221
Convert 146100 (base 8) to base 16.
cc40
-212122110210 (base 3) to base 11
-298774
What is 90899 (base 15) in base 12?
1a0969
What is 1004663 (base 7) in base 14?
316da
What is 412303 (base 5) in base 7?
54136
Convert 1d8925 (base 16) to base 9.
3570185
What is -150755 (base 8) in base 2?
-1101000111101101
What is -12314214 (base 5) in base 11?
-82121
1014530 (base 7) to base 5
12343223
What is -60744 (base 10) in base 9?
-102283
What is -2164754 (base 11) in base 3?
-21010222012220
Convert -1012233302 (base 4) to base 8.
-1065762
What is 100101100111 (base 2) in base 6?
15051
-a0e0eb (base 15) to base 16
-749885
What is -1373200 (base 9) in base 12?
-306000
-310102230 (base 5) to base 14
-248b16
What is -1111000001110011001000 (base 2) in base 5?
-2002031103
What is 334225223 (base 6) in base 13?
1350666
-d965 (base 16) to base 4
-31211211
What is -566330 (base 9) in base 11?
-211984
-a5ba0 (base 14) to base 11
-253727
What is -1232220200 (base 4) in base 2?
-1101110101000100000
Convert 65b137 (base 12) to base 15.
21db97
What is 221433444 (base 6) in base 12?
140b884
What is -145b4 (base 12) in base 11?
-1a463
What is -11000010001000011101 (base 2) in base 8?
-3021035
What is 111210222110020 (base 3) in base 10?
7341360
What is -172586 (base 9) in base 4?
-122012211
26a23 (base 12) to base 10
53307
Convert 320033232211 (base 4) to base 14.
1d5b4d7
Convert -41905 (base 11) to base 16.
-ee3d
What is -20535440 (base 9) in base 5?
-10012303441
What is 1eec7 (base 16) in base 13?
45864
What is -111022110012 (base 3) in base 9?
-438405
What is 1233314134 (base 5) in base 7?
34502436
Convert 114555100 (base 6) to base 7.
24431400
Convert -2757313 (base 8) to base 14.
-163707
Convert -614d55 (base 16) to base 3.
-102222222022101
Convert 10285335 (base 9) to base 12.
17b0aab
20287633 (base 9) to base 4
211022130333
What is 3102406 (base 7) in base 3?
200211102111
Convert 10233414 (base 7) to base 5.
210144341
What is 1012120220001 (base 3) in base 15?
ca0ca
Convert -64a4b7 (base 12) to base 9.
-2888414
What is 100101011010111000 (base 2) in base 14?
3dc00
-42301 (base 13) to base 7
-1004236
Convert 1110000101000100011 (base 2) to base 16.
70a23
What is 11a885 (base 12) in base 11?
187500
What is 203112112 (base 4) in base 7?
1142062
4434164 (base 7) to base 16
856be
3435050 (base 9) to base 7
21520635
77814 (base 10) to base 2
10010111111110110
375215 (base 9) to base 4
313121033
What is 111243215 (base 6) in base 8?
7570233
Convert 6863c5 (base 14) to base 13.
9746a1
Convert 101010010010110101011 (base 2) to base 9.
2542077
What is 618843 (base 9) in base 4?
1121230032
-476261 (base 14) to base 13
-674400
21423411 (base 5) to base 6
3553334
What is 1320203320 (base 4) in base 6?
14330104
What is 2233015 (base 8) in base 14?
119dc9
What is 232c01 (base 14) in base 5?
301324422
Convert 4543155 (base 7) to base 13.
16a439
-103133101 (base 4) to base 15
-189ba
-1122213323 (base 4) to base 9
-625158
Convert -ec3b5 (base 15) to base 4.
-2313020033
20651501 (base 7) to base 15
24b982
-346500 (base 14) to base 10
-1784580
What is -10101111110011110111 (base 2) in base 9?
-1316732
Convert -911b81 (base 12) to base 7.
-25145341
What is -101011000111111011100011 (base 2) in base 11?
-6421408
What is 30244 (base 6) in base 7?
14425
Convert -22160 (base 16) to base 8.
-420540
477b6 (base 15) to base 9
376520
-1405660 (base 7) to base 12
-90214
Convert -1302386 (base 12) to base 7.
-43521333
Convert 4037270 (base 8) to base 16.
103eb8
-202401 (base 7) to base 16
-86c1
-16a6720 (base 11) to base 12
-b76324
2211210211012 (base 3) to base 13
40c187
Convert daf71 (base 16) to base 14.
194bcd
What is 463125 (base 9) in base 16?
43d5d
What is -1303441100 (base 5) in base 15?
-42e485
1012101011 (base 3) to base 12
117aa
Convert 174578 (base 15) to base 4.
10103200220
8679973 (base 10) to base 14
121d381
What is 25502b7 (base 12) in base 4?
123323022223
Convert -10001000100111110011011 (base 2) to base 12.
-15ba90b
What is -152604 (base 12) in base 13?
-c655c
-1378635 (base 9) to base 8
-2716041
47974 (base 12) to base 2
10111100010101000
-2600923 (base 11) to base 13
-c1c07a
What is -848207 (base 14) in base 11?
-2589931
-4130121 (base 7) to base 14
-cc3b8
-4000123334 (base 5) to base 15
-a463b4
Convert 19469 (base 10) to base 4.
10300031
-6883808 (base 10) to base 14
-cb2968
Convert -100100222000 (base 4) to base 8.
-20205200
Convert 6156c (base 14) to base 15.
49661
Convert -101001101001001110101 (base 2) to base 4.
-11031021311
-109180 (base 11) to base 8
-522267
What is -3110111210 (base 4) in base 2?
-11010100010101100100
-6614538 (base 9) to base 13
-9751a9
What is -2261771 (base 8) in base 11?
-390410
What is 380077 (base 9) in base 14?
5d9d7
28116 (base 14) to base 6
2042200
What is -34534 (base 6) in base 9?
-6714
Convert 65102462 (base 7) to base 15.
74895b
25041 (base 12) to base 8
141761
Convert 5362312 (base 7) to base 3.
1020020000001
What is -11042111 (base 5) in base 11?
-66586
-1100001111101101101 (base 2) to base 8
-1417555
20442615 (base 8) to base 9
8148646
Convert 2431133240 (base 5) to base 6.
322404523
What is 69543 (base 13) in base 6?
4041023
What is -100040132 (base 6) in base 15?
-23433b
Convert -bed01a (base 16) to base 12.
-423090a
Convert 1010101112021 (base 3) to base 10.
598165
-7ba8 (base 15) to base 14
-97d8
Convert -132101421 (base 5) to base 12.
-279877
What is 202150214 (base 6) in base 4?
31032122002
1d31a (base 16) to base 4
131030122
242421313 (base 5) to base 6
40224542
-196ecd (base 15) to base 2
-100101110011001000001
Convert -4b26a (base 14) to base 8.
-550016
-354a57 (base 11) to base 2
-10001001011100001010
2035134 (base 6) to base 2
11000000000100010
-727